-5)/20?
4
Let n = -13 - -14. Let d = n + 24. What is the tens digit of d?
2
Suppose 72 = 4*v + 4*n, -2*n - 25 = -2*v - 5. Let w be 2/(-6) - v/(-6). Let m = w + 7. What is the units digit of m?
9
Let q = 16 + -23. Let v = 25 + q. What is the units digit of v?
8
Let u(m) be the second derivative of -m**3/6 + m**2/2 + m. Let f be u(0). Let w = f - 0. What is the units digit of w?
1
Suppose 5*t - 338 = 3*l, -2*l = 5*t - 400 + 67. What is the tens digit of t?
6
Let d(o) = -o**2 - 6*o - 3. Let r be d(-2). Suppose r*i - 20 = -y, 4*i + 2 - 18 = 0. Suppose -3*f + y*f + 18 = 0. What is the units digit of f?
6
Let w(j) be the third derivative of -5/24*j**4 - 1/6*j**3 + 1/20*j**5 + 0*j + j**2 + 1/120*j**6 + 0. What is the units digit of w(-4)?
3
Let s = -3 - -3. Let c be s*(0 - 1/(-1)). What is the units digit of (-3)/(-1*(c - -1))?
3
Let r be (-2 - -1)/(8 + -7). What is the units digit of 16/(1 - r) + 1?
9
Let i be (0 - 6)*8/(-12). Let s(h) = 0*h**2 - 3 - 3*h - h**2 + 2*h**2 + i. What is the units digit of s(3)?
1
Suppose t - 73 = -16. What is the units digit of t?
7
Suppose 5*u + 20 = 0, 0 = 4*g + g - 5*u - 90. What is the units digit of g?
4
Suppose 3*k + 5*d = 2*k, -5 = 5*d. Suppose -2*m + k*p = -53, -4*m + 145 = 2*p + p. What is the units digit of m?
4
Suppose 3*q - 38 = -2*j, 4*q + 19 = 2*j - j. Let s = 36 - j. What is the tens digit of s?
1
Let i(m) = -3*m**3 - m. Let b be i(-2). Let x = 36 - b. What is the units digit of x?
0
Let y(k) = -k**3 + k**2 + 6. Let g = -3 - -3. Suppose 2*a + a = g. What is the units digit of y(a)?
6
Suppose 0 = 3*f - 34 - 125. What is the units digit of f?
3
Let l(q) = 11*q**3 - 4*q**2 + 3*q - 1. Let u be l(2). What is the tens digit of u/5 - (-4)/(-10)?
1
Suppose 2*f = 7*f - 15. Suppose 0 = -f*d - 4*s + 69, -d - 5*s + 9 = -25. What is the tens digit of d?
1
Let b be (-7 - (-4)/(-2))/(-1). Let d = -6 + b. Suppose j + d*q - 10 = 0, 0 = 3*j + j - 3*q - 40. What is the units digit of j?
0
What is the units digit of (-116)/(-2) + 0 + 1 + -1?
8
What is the tens digit of (-1 - 7/(-9)) + 1532/9?
7
Let u(f) = -f**2 - 7*f - 6. Let p be u(-4). Let q(w) = 5*w**2 + 7*w - 2 + 0 + 0*w**3 - w**3. What is the units digit of q(p)?
4
Let l(s) = s**3 - 7*s**2 + 5*s + 1. Let c be l(6). What is the units digit of (-10)/6*3*c?
5
Suppose 22 = -2*s + 8. Let z(n) = -n**3 - 7*n**2 - 2*n. What is the tens digit of z(s)?
1
Let y(d) = d**2 + 6*d + 2. What is the units digit of y(-7)?
9
Let y(f) = -3*f**3 + 8*f**2 + 6*f - 9. Let t(d) = 2*d**3 - 8*d**2 - 6*d + 8. Let r(j) = -4*t(j) - 3*y(j). What is the units digit of r(-7)?
2
Suppose -3 = -c - 0*c. Suppose 34 = c*q - 14. What is the units digit of q?
6
Let v(n) be the first derivative of n**2/2 - n - 1. Let t = 11 - 7. What is the units digit of v(t)?
3
Let g be (-3)/(-1*6/8). Let q be g/16 - (-166)/8. Let x = -12 + q. What is the units digit of x?
9
Suppose 20 = -3*l - 5*w, -3*l = -2*w - 2*w - 16. Suppose 4*x - 19 = -5*m - 5, l = x + m - 4. What is the units digit of x?
6
Suppose -2*l + 30 = l. Let p = 13 + -10. Suppose p*k = l + 2. What is the units digit of k?
4
Let j be ((-9)/(-6) + -1)*14. Suppose -2*t = -j*t. Suppose 2*d - 3*x + 1 = t, 2*d - x + 7 = 3*d. What is the units digit of d?
4
Let l = -2 - -5. Suppose -m - l*m + 8 = 0. Suppose 40 = 5*i - 2*f, m*i - 17 = 2*f - f. What is the units digit of i?
6
Let a be (-4 - (-2 - 3)) + -1. Suppose -v + 4*w = -12, 4*v - 2*w - w - 22 = a. What is the units digit of v?
4
Suppose -8*b - 10 = -3*b + a, 0 = 5*b - 2*a - 5. Let s be -4*(-9)/12 + b. Suppose -5*z + 24 = s*v - z, 3*v = -z + 16. What is the units digit of v?
4
Let d be 3/6*-4 + -5. Let n = d + 11. Let s = n - 2. What is the units digit of s?
2
Suppose 2 = -2*i - 4*t, -2*i - 2*t = -0*i. Suppose -2*c - 4*q + 2 = -4, -4*c + 3*q = -i. What is the units digit of c?
1
Suppose -2*w + 32 = -68. Suppose 4*k = 34 + w. What is the tens digit of k?
2
Suppose -3*y + f + 138 = -49, 5*y = 4*f + 321. What is the tens digit of y?
6
Suppose -h = 5*l - 7, -2 = h - 4*h + 4*l. Suppose -s = -1 - h. Suppose -s = -2*v - v. What is the units digit of v?
1
Let k = 2 + 0. Let d be (-1)/(-4 - 11/(-3)). What is the units digit of ((-26 + k)/d)/(-2)?
4
Let j(p) = -2*p + 9. What is the units digit of j(-6)?
1
Let r be 354/24 - 6/8. Let c = r + -8. What is the units digit of c?
6
Let r be 22*(-1 + 3/6). Let v = 10 - r. What is the units digit of v?
1
Let d be 2/(-5) + (-110)/(-25). Let q be (-7 + -1)/(d/6). Let v = q + 18. What is the units digit of v?
6
Let j = -17 + 19. What is the units digit of j?
2
Let s be (-1)/((-4)/16) + 0. What is the tens digit of s/((-8)/(-58)) + -4?
2
Let i = 13 - -11. What is the tens digit of i?
2
Let p(u) = 0*u - 4*u + u**2 - 3*u - 6 + u**2. What is the tens digit of p(6)?
2
Let o(l) = 10*l**2 + 11*l + 27. What is the tens digit of o(-4)?
4
Suppose -4*o + 544 = 4*o. What is the tens digit of o?
6
Let x(u) = 19*u + 1. What is the tens digit of x(2)?
3
Let v be -1*15/3 + -2. Let y = 15 + v. What is the units digit of y?
8
What is the units digit of -5*((-12)/5 + 1)?
7
What is the tens digit of 150/4 + 1/(-2) + -3?
3
Suppose 0*v + 2*k + 23 = -3*v, 2*v - 5*k + 9 = 0. Let l = 47 + v. What is the tens digit of l?
4
Let x = 6 - 8. What is the units digit of (-1)/x - (-98)/4?
5
Suppose -2 = -h + 2*p - 8, -25 = -5*p. Let o = 9 - -9. Let d = o - h. What is the units digit of d?
4
Suppose 72 = 5*u + 3*p, 5*p = -5*u - 0*p + 80. Suppose -8*i + 3*i + 20 = 0. Suppose 0 = i*z + u - 40. What is the units digit of z?
7
Let g = 0 + 5. Let w(v) = v**3 + 8*v**2 + 8*v + 10. Let d be w(-7). What is the units digit of g/1 + -5 + d?
3
Let v(o) = o**2 - 13*o - 10. What is the units digit of v(17)?
8
Let r be (6/8)/(12/32). Suppose -r*h - 135 = -5*h. What is the tens digit of h?
4
Suppose -2*w = -6*w + 12. Let b = w + 2. Suppose b*x - 13 = 2. What is the units digit of x?
3
Suppose 3*c = -5 - 4. Let q = 1 - c. What is the units digit of q?
4
Let q = -3 + 9. Suppose q*u + 6 = 3*u. What is the units digit of 3/u*(-16)/6?
4
What is the units digit of (-20)/(-3) + (-8)/(-6)?
8
Let q be (-2)/(-8) + 155/20. Let h = q + -5. Let g(u) = -u**3 + 4*u**2 - 2*u - 2. What is the units digit of g(h)?
1
Let u = 8 - 12. Let w = 6 + u. Suppose 3*g - w - 4 = 0. What is the units digit of g?
2
Suppose -3*q + 3*k + 24 = 0, 2*k - 5 = -15. Suppose -13 = -3*r - 0*r + 2*b, b = r - q. Suppose 4*x - r = 3*x. What is the units digit of x?
7
Suppose 102 - 26 = q. What is the tens digit of q?
7
Suppose -5*r = -4*r - 26. What is the units digit of r?
6
Suppose 3*h = -4*z + 140 + 14, 252 = 5*h + 2*z. Suppose 0 = 5*k + h + 35. Let w = -11 - k. What is the units digit of w?
6
Let f = -184 - -280. What is the tens digit of f?
9
Let q(w) = -w - 6. Let b(t) = 3*t + 3. Let g be b(-4). Let c be q(g). Suppose -5*r - 4 = c*p - 9*r, 0 = 2*p - 2*r. What is the units digit of p?
4
Suppose -49 = -13*g + 6*g. What is the units digit of g?
7
Suppose -25*b + 506 = -23*b. What is the tens digit of b?
5
Let f = -32 + 36. What is the units digit of f?
4
Suppose 0*a - 3*x + 24 = 3*a, a = 3*x - 8. Let j be 28/21*3/2. Suppose -3*d + 2*k = -5, -d + j*k = a*d - 11. What is the units digit of d?
3
Let f be (-4 - -2)*(-2 - -1). Suppose f*c = 3*c - 1. Let n = 4 - c. What is the units digit of n?
3
Let v be -4 - (4 + -4 + -6). What is the units digit of v*(11/2 + -4)?
3
Suppose p - 4 = 5. What is the units digit of p?
9
Let k = 265 + -179. What is the units digit of k?
6
Suppose n - 4*h = 42 - 17, -5*n + 5*h + 200 = 0. What is the tens digit of n?
4
What is the units digit of 2*(261/6 + 4)?
5
What is the units digit of (4/(-6))/(16/(-1992))?
3
Let i = 23 - 3. Suppose -2*f + i = -4. What is the units digit of f?
2
Let g = -2 + 1. Let f(l) = -2*l - 2*l + 0*l + 3*l. What is the units digit of f(g)?
1
Let d = 25 + 3. What is the units digit of d?
8
Let b be (1 - -2)/3*-8. Let w be 2/8 - (-50)/b. What is the tens digit of (-57)/w + 2/4?
1
Suppose 4*z = -0*z + 8. Let n(v) = 3*v - 1 + 2*v - 4*v. What is the units digit of n(z)?
1
Suppose 5*i = -3*h + 22, -15 = -3*i - 3*h + 3. Suppose 0*x + i*x = 2. What is the units digit of x?
1
What is the units digit of (-3 - 0) + (-64)/(-1)?
1
Suppose g + 1 = 6. Suppose 0 = g*c - 3*c - 52. What is the units digit of c?
6
Suppose -2*b - 694 = 4*f 